{"id":19,"date":"2023-09-06T17:27:58","date_gmt":"2023-09-06T15:27:58","guid":{"rendered":"https:\/\/kooldesign.breezemedia.pl\/?page_id=19"},"modified":"2023-09-12T12:29:50","modified_gmt":"2023-09-12T10:29:50","slug":"kontakt","status":"publish","type":"page","link":"https:\/\/kooldesign.breezemedia.pl\/?page_id=19","title":{"rendered":"Kontakt"},"content":{"rendered":"\t\t<div data-elementor-type=\"wp-page\" data-elementor-id=\"19\" class=\"elementor elementor-19\" data-elementor-settings=\"{&quot;ha_cmc_init_switcher&quot;:&quot;no&quot;}\">\n\t\t\t\t\t\t<section class=\"elementor-section elementor-top-section elementor-element elementor-element-512b7c6 elementor-section-full_width elementor-section-height-default elementor-section-height-default\" data-id=\"512b7c6\" data-element_type=\"section\" data-settings=\"{&quot;_ha_eqh_enable&quot;:false}\">\n\t\t\t\t\t\t<div class=\"elementor-container elementor-column-gap-no\">\n\t\t\t\t\t<div class=\"elementor-column elementor-col-100 elementor-top-column elementor-element elementor-element-7b306dc\" data-id=\"7b306dc\" data-element_type=\"column\">\n\t\t\t<div class=\"elementor-widget-wrap elementor-element-populated\">\n\t\t\t\t\t\t<div class=\"elementor-element elementor-element-400736d elementor-widget elementor-widget-heading\" data-id=\"400736d\" data-element_type=\"widget\" data-widget_type=\"heading.default\">\n\t\t\t\t<div class=\"elementor-widget-container\">\n\t\t\t\t\t<h1 class=\"elementor-heading-title elementor-size-default\">KONTAKT<\/h1>\t\t\t\t<\/div>\n\t\t\t\t<\/div>\n\t\t\t\t<div class=\"elementor-element elementor-element-3539e01 elementor-widget-divider--view-line elementor-widget elementor-widget-divider\" data-id=\"3539e01\" data-element_type=\"widget\" data-widget_type=\"divider.default\">\n\t\t\t\t<div class=\"elementor-widget-container\">\n\t\t\t\t\t\t\t<div class=\"elementor-divider\">\n\t\t\t<span class=\"elementor-divider-separator\">\n\t\t\t\t\t\t<\/span>\n\t\t<\/div>\n\t\t\t\t\t\t<\/div>\n\t\t\t\t<\/div>\n\t\t\t\t<div class=\"elementor-element elementor-element-6b2c523 elementor-widget elementor-widget-heading\" data-id=\"6b2c523\" data-element_type=\"widget\" data-widget_type=\"heading.default\">\n\t\t\t\t<div class=\"elementor-widget-container\">\n\t\t\t\t\t<h2 class=\"elementor-heading-title elementor-size-default\">Skontaktuj si\u0119 ze mn\u0105<\/h2>\t\t\t\t<\/div>\n\t\t\t\t<\/div>\n\t\t\t\t\t<\/div>\n\t\t<\/div>\n\t\t\t\t\t<\/div>\n\t\t<\/section>\n\t\t\t\t<section class=\"elementor-section elementor-top-section elementor-element elementor-element-f91a1eb elementor-section-full_width elementor-section-height-default elementor-section-height-default\" data-id=\"f91a1eb\" data-element_type=\"section\" data-settings=\"{&quot;_ha_eqh_enable&quot;:false}\">\n\t\t\t\t\t\t<div class=\"elementor-container elementor-column-gap-no\">\n\t\t\t\t\t<div data-ha-element-link=\"{&quot;url&quot;:&quot;tel:500600417&quot;,&quot;is_external&quot;:&quot;&quot;,&quot;nofollow&quot;:&quot;&quot;}\" style=\"cursor: pointer\" class=\"elementor-column elementor-col-33 elementor-top-column elementor-element elementor-element-96b25e0\" data-id=\"96b25e0\" data-element_type=\"column\">\n\t\t\t<div class=\"elementor-widget-wrap elementor-element-populated\">\n\t\t\t\t\t\t<div class=\"elementor-element elementor-element-a5623f9 elementor-view-default elementor-widget elementor-widget-icon\" data-id=\"a5623f9\" data-element_type=\"widget\" data-widget_type=\"icon.default\">\n\t\t\t\t<div class=\"elementor-widget-container\">\n\t\t\t\t\t\t\t<div class=\"elementor-icon-wrapper\">\n\t\t\t<div class=\"elementor-icon\">\n\t\t\t<i aria-hidden=\"true\" class=\"hm hm-phone\"><\/i>\t\t\t<\/div>\n\t\t<\/div>\n\t\t\t\t\t\t<\/div>\n\t\t\t\t<\/div>\n\t\t\t\t<div class=\"elementor-element elementor-element-97f0d94 elementor-widget elementor-widget-heading\" data-id=\"97f0d94\" data-element_type=\"widget\" data-widget_type=\"heading.default\">\n\t\t\t\t<div class=\"elementor-widget-container\">\n\t\t\t\t\t<h2 class=\"elementor-heading-title elementor-size-default\">TELEFON<\/h2>\t\t\t\t<\/div>\n\t\t\t\t<\/div>\n\t\t\t\t<div class=\"elementor-element elementor-element-b5f6210 elementor-widget elementor-widget-heading\" data-id=\"b5f6210\" data-element_type=\"widget\" data-widget_type=\"heading.default\">\n\t\t\t\t<div class=\"elementor-widget-container\">\n\t\t\t\t\t<h3 class=\"elementor-heading-title elementor-size-default\">+48 500 600 417<\/h3>\t\t\t\t<\/div>\n\t\t\t\t<\/div>\n\t\t\t\t\t<\/div>\n\t\t<\/div>\n\t\t\t\t<div data-ha-element-link=\"{&quot;url&quot;:&quot;mailto:biuro@kooldesign.breezemedia.pl&quot;,&quot;is_external&quot;:&quot;&quot;,&quot;nofollow&quot;:&quot;&quot;}\" style=\"cursor: pointer\" class=\"elementor-column elementor-col-33 elementor-top-column elementor-element elementor-element-6d22f73\" data-id=\"6d22f73\" data-element_type=\"column\">\n\t\t\t<div class=\"elementor-widget-wrap elementor-element-populated\">\n\t\t\t\t\t\t<div class=\"elementor-element elementor-element-e897b78 elementor-view-default elementor-widget elementor-widget-icon\" data-id=\"e897b78\" data-element_type=\"widget\" data-widget_type=\"icon.default\">\n\t\t\t\t<div class=\"elementor-widget-container\">\n\t\t\t\t\t\t\t<div class=\"elementor-icon-wrapper\">\n\t\t\t<div class=\"elementor-icon\">\n\t\t\t<i aria-hidden=\"true\" class=\"hm hm-mail-open\"><\/i>\t\t\t<\/div>\n\t\t<\/div>\n\t\t\t\t\t\t<\/div>\n\t\t\t\t<\/div>\n\t\t\t\t<div class=\"elementor-element elementor-element-ec5f98d elementor-widget elementor-widget-heading\" data-id=\"ec5f98d\" data-element_type=\"widget\" data-widget_type=\"heading.default\">\n\t\t\t\t<div class=\"elementor-widget-container\">\n\t\t\t\t\t<h2 class=\"elementor-heading-title elementor-size-default\">E-MAIL<\/h2>\t\t\t\t<\/div>\n\t\t\t\t<\/div>\n\t\t\t\t<div class=\"elementor-element elementor-element-c357db8 elementor-widget elementor-widget-heading\" data-id=\"c357db8\" data-element_type=\"widget\" data-widget_type=\"heading.default\">\n\t\t\t\t<div class=\"elementor-widget-container\">\n\t\t\t\t\t<h3 class=\"elementor-heading-title elementor-size-default\">biuro@kooldesign.breezemedia.pl<\/h3>\t\t\t\t<\/div>\n\t\t\t\t<\/div>\n\t\t\t\t\t<\/div>\n\t\t<\/div>\n\t\t\t\t<div data-ha-element-link=\"{&quot;url&quot;:&quot;https:\\\/\\\/goo.gl\\\/maps\\\/7eyGzpCtMfV8Ly5L9&quot;,&quot;is_external&quot;:&quot;&quot;,&quot;nofollow&quot;:&quot;&quot;}\" style=\"cursor: pointer\" class=\"elementor-column elementor-col-33 elementor-top-column elementor-element elementor-element-df179df\" data-id=\"df179df\" data-element_type=\"column\">\n\t\t\t<div class=\"elementor-widget-wrap elementor-element-populated\">\n\t\t\t\t\t\t<div class=\"elementor-element elementor-element-c2eb1ff elementor-view-default elementor-widget elementor-widget-icon\" data-id=\"c2eb1ff\" data-element_type=\"widget\" data-widget_type=\"icon.default\">\n\t\t\t\t<div class=\"elementor-widget-container\">\n\t\t\t\t\t\t\t<div class=\"elementor-icon-wrapper\">\n\t\t\t<div class=\"elementor-icon\">\n\t\t\t<i aria-hidden=\"true\" class=\"hm hm-map-pointer2\"><\/i>\t\t\t<\/div>\n\t\t<\/div>\n\t\t\t\t\t\t<\/div>\n\t\t\t\t<\/div>\n\t\t\t\t<div class=\"elementor-element elementor-element-1aa5160 elementor-widget elementor-widget-heading\" data-id=\"1aa5160\" data-element_type=\"widget\" data-widget_type=\"heading.default\">\n\t\t\t\t<div class=\"elementor-widget-container\">\n\t\t\t\t\t<h2 class=\"elementor-heading-title elementor-size-default\">ADRES<\/h2>\t\t\t\t<\/div>\n\t\t\t\t<\/div>\n\t\t\t\t<div class=\"elementor-element elementor-element-b9d40cc elementor-widget elementor-widget-heading\" data-id=\"b9d40cc\" data-element_type=\"widget\" data-widget_type=\"heading.default\">\n\t\t\t\t<div class=\"elementor-widget-container\">\n\t\t\t\t\t<h3 class=\"elementor-heading-title elementor-size-default\">Lukrecjowa 9, 51-180 Wroc\u0142aw <\/h3>\t\t\t\t<\/div>\n\t\t\t\t<\/div>\n\t\t\t\t\t<\/div>\n\t\t<\/div>\n\t\t\t\t\t<\/div>\n\t\t<\/section>\n\t\t\t\t<\/div>\n\t\t","protected":false},"excerpt":{"rendered":"<p>KONTAKT Skontaktuj si\u0119 ze mn\u0105 TELEFON +48 500 600 417 E-MAIL biuro@kooldesign.breezemedia.pl ADRES Lukrecjowa 9, 51-180 Wroc\u0142aw<\/p>\n","protected":false},"author":1,"featured_media":0,"parent":0,"menu_order":0,"comment_status":"closed","ping_status":"closed","template":"elementor_header_footer","meta":{"footnotes":""},"class_list":["post-19","page","type-page","status-publish","hentry"],"yoast_head":"<!-- This site is optimized with the Yoast SEO plugin v26.8 - https:\/\/yoast.com\/product\/yoast-seo-wordpress\/ -->\n<title>Kontakt - KOOL DESIGN<\/title>\n<meta name=\"robots\" content=\"noindex, follow, max-snippet:-1, max-image-preview:large, max-video-preview:-1\" \/>\n<meta property=\"og:locale\" content=\"pl_PL\" \/>\n<meta property=\"og:type\" content=\"article\" \/>\n<meta property=\"og:title\" content=\"Kontakt - KOOL DESIGN\" \/>\n<meta property=\"og:description\" content=\"KONTAKT Skontaktuj si\u0119 ze mn\u0105 TELEFON +48 500 600 417 E-MAIL biuro@kooldesign.breezemedia.pl ADRES Lukrecjowa 9, 51-180 Wroc\u0142aw\" \/>\n<meta property=\"og:url\" content=\"https:\/\/kooldesign.breezemedia.pl\/?page_id=19\" \/>\n<meta property=\"og:site_name\" content=\"KOOL DESIGN\" \/>\n<meta property=\"article:publisher\" content=\"https:\/\/www.facebook.com\/kooldesignpl\" \/>\n<meta property=\"article:modified_time\" content=\"2023-09-12T10:29:50+00:00\" \/>\n<meta name=\"twitter:card\" content=\"summary_large_image\" \/>\n<script type=\"application\/ld+json\" class=\"yoast-schema-graph\">{\"@context\":\"https:\/\/schema.org\",\"@graph\":[{\"@type\":\"WebPage\",\"@id\":\"https:\/\/kooldesign.breezemedia.pl\/?page_id=19\",\"url\":\"https:\/\/kooldesign.breezemedia.pl\/?page_id=19\",\"name\":\"Kontakt - KOOL DESIGN\",\"isPartOf\":{\"@id\":\"https:\/\/kooldesign.breezemedia.pl\/#website\"},\"datePublished\":\"2023-09-06T15:27:58+00:00\",\"dateModified\":\"2023-09-12T10:29:50+00:00\",\"breadcrumb\":{\"@id\":\"https:\/\/kooldesign.breezemedia.pl\/?page_id=19#breadcrumb\"},\"inLanguage\":\"pl-PL\",\"potentialAction\":[{\"@type\":\"ReadAction\",\"target\":[\"https:\/\/kooldesign.breezemedia.pl\/?page_id=19\"]}]},{\"@type\":\"BreadcrumbList\",\"@id\":\"https:\/\/kooldesign.breezemedia.pl\/?page_id=19#breadcrumb\",\"itemListElement\":[{\"@type\":\"ListItem\",\"position\":1,\"name\":\"Strona g\u0142\u00f3wna\",\"item\":\"https:\/\/kooldesign.breezemedia.pl\/\"},{\"@type\":\"ListItem\",\"position\":2,\"name\":\"Kontakt\"}]},{\"@type\":\"WebSite\",\"@id\":\"https:\/\/kooldesign.breezemedia.pl\/#website\",\"url\":\"https:\/\/kooldesign.breezemedia.pl\/\",\"name\":\"KOOL DESIGN\",\"description\":\"Projektowanie i aran\u017cacja wn\u0119trz Wroc\u0142aw\",\"publisher\":{\"@id\":\"https:\/\/kooldesign.breezemedia.pl\/#organization\"},\"potentialAction\":[{\"@type\":\"SearchAction\",\"target\":{\"@type\":\"EntryPoint\",\"urlTemplate\":\"https:\/\/kooldesign.breezemedia.pl\/?s={search_term_string}\"},\"query-input\":{\"@type\":\"PropertyValueSpecification\",\"valueRequired\":true,\"valueName\":\"search_term_string\"}}],\"inLanguage\":\"pl-PL\"},{\"@type\":\"Organization\",\"@id\":\"https:\/\/kooldesign.breezemedia.pl\/#organization\",\"name\":\"Projektowanie i aran\u017cacja wn\u0119trz Wroc\u0142aw\",\"url\":\"https:\/\/kooldesign.breezemedia.pl\/\",\"logo\":{\"@type\":\"ImageObject\",\"inLanguage\":\"pl-PL\",\"@id\":\"https:\/\/kooldesign.breezemedia.pl\/#\/schema\/logo\/image\/\",\"url\":\"https:\/\/kooldesign.breezemedia.pl\/wp-content\/uploads\/2023\/09\/KOOL-Design-svg.svg\",\"contentUrl\":\"https:\/\/kooldesign.breezemedia.pl\/wp-content\/uploads\/2023\/09\/KOOL-Design-svg.svg\",\"width\":400,\"height\":330,\"caption\":\"Projektowanie i aran\u017cacja wn\u0119trz Wroc\u0142aw\"},\"image\":{\"@id\":\"https:\/\/kooldesign.breezemedia.pl\/#\/schema\/logo\/image\/\"},\"sameAs\":[\"https:\/\/www.facebook.com\/kooldesignpl\",\"https:\/\/www.instagram.com\/kool__design\"]}]}<\/script>\n<!-- \/ Yoast SEO plugin. -->","yoast_head_json":{"title":"Kontakt - KOOL DESIGN","robots":{"index":"noindex","follow":"follow","max-snippet":"max-snippet:-1","max-image-preview":"max-image-preview:large","max-video-preview":"max-video-preview:-1"},"og_locale":"pl_PL","og_type":"article","og_title":"Kontakt - KOOL DESIGN","og_description":"KONTAKT Skontaktuj si\u0119 ze mn\u0105 TELEFON +48 500 600 417 E-MAIL biuro@kooldesign.breezemedia.pl ADRES Lukrecjowa 9, 51-180 Wroc\u0142aw","og_url":"https:\/\/kooldesign.breezemedia.pl\/?page_id=19","og_site_name":"KOOL DESIGN","article_publisher":"https:\/\/www.facebook.com\/kooldesignpl","article_modified_time":"2023-09-12T10:29:50+00:00","twitter_card":"summary_large_image","schema":{"@context":"https:\/\/schema.org","@graph":[{"@type":"WebPage","@id":"https:\/\/kooldesign.breezemedia.pl\/?page_id=19","url":"https:\/\/kooldesign.breezemedia.pl\/?page_id=19","name":"Kontakt - KOOL DESIGN","isPartOf":{"@id":"https:\/\/kooldesign.breezemedia.pl\/#website"},"datePublished":"2023-09-06T15:27:58+00:00","dateModified":"2023-09-12T10:29:50+00:00","breadcrumb":{"@id":"https:\/\/kooldesign.breezemedia.pl\/?page_id=19#breadcrumb"},"inLanguage":"pl-PL","potentialAction":[{"@type":"ReadAction","target":["https:\/\/kooldesign.breezemedia.pl\/?page_id=19"]}]},{"@type":"BreadcrumbList","@id":"https:\/\/kooldesign.breezemedia.pl\/?page_id=19#breadcrumb","itemListElement":[{"@type":"ListItem","position":1,"name":"Strona g\u0142\u00f3wna","item":"https:\/\/kooldesign.breezemedia.pl\/"},{"@type":"ListItem","position":2,"name":"Kontakt"}]},{"@type":"WebSite","@id":"https:\/\/kooldesign.breezemedia.pl\/#website","url":"https:\/\/kooldesign.breezemedia.pl\/","name":"KOOL DESIGN","description":"Projektowanie i aran\u017cacja wn\u0119trz Wroc\u0142aw","publisher":{"@id":"https:\/\/kooldesign.breezemedia.pl\/#organization"},"potentialAction":[{"@type":"SearchAction","target":{"@type":"EntryPoint","urlTemplate":"https:\/\/kooldesign.breezemedia.pl\/?s={search_term_string}"},"query-input":{"@type":"PropertyValueSpecification","valueRequired":true,"valueName":"search_term_string"}}],"inLanguage":"pl-PL"},{"@type":"Organization","@id":"https:\/\/kooldesign.breezemedia.pl\/#organization","name":"Projektowanie i aran\u017cacja wn\u0119trz Wroc\u0142aw","url":"https:\/\/kooldesign.breezemedia.pl\/","logo":{"@type":"ImageObject","inLanguage":"pl-PL","@id":"https:\/\/kooldesign.breezemedia.pl\/#\/schema\/logo\/image\/","url":"https:\/\/kooldesign.breezemedia.pl\/wp-content\/uploads\/2023\/09\/KOOL-Design-svg.svg","contentUrl":"https:\/\/kooldesign.breezemedia.pl\/wp-content\/uploads\/2023\/09\/KOOL-Design-svg.svg","width":400,"height":330,"caption":"Projektowanie i aran\u017cacja wn\u0119trz Wroc\u0142aw"},"image":{"@id":"https:\/\/kooldesign.breezemedia.pl\/#\/schema\/logo\/image\/"},"sameAs":["https:\/\/www.facebook.com\/kooldesignpl","https:\/\/www.instagram.com\/kool__design"]}]}},"_links":{"self":[{"href":"https:\/\/kooldesign.breezemedia.pl\/index.php?rest_route=\/wp\/v2\/pages\/19","targetHints":{"allow":["GET"]}}],"collection":[{"href":"https:\/\/kooldesign.breezemedia.pl\/index.php?rest_route=\/wp\/v2\/pages"}],"about":[{"href":"https:\/\/kooldesign.breezemedia.pl\/index.php?rest_route=\/wp\/v2\/types\/page"}],"author":[{"embeddable":true,"href":"https:\/\/kooldesign.breezemedia.pl\/index.php?rest_route=\/wp\/v2\/users\/1"}],"replies":[{"embeddable":true,"href":"https:\/\/kooldesign.breezemedia.pl\/index.php?rest_route=%2Fwp%2Fv2%2Fcomments&post=19"}],"version-history":[{"count":43,"href":"https:\/\/kooldesign.breezemedia.pl\/index.php?rest_route=\/wp\/v2\/pages\/19\/revisions"}],"predecessor-version":[{"id":769,"href":"https:\/\/kooldesign.breezemedia.pl\/index.php?rest_route=\/wp\/v2\/pages\/19\/revisions\/769"}],"wp:attachment":[{"href":"https:\/\/kooldesign.breezemedia.pl\/index.php?rest_route=%2Fwp%2Fv2%2Fmedia&parent=19"}],"curies":[{"name":"wp","href":"https:\/\/api.w.org\/{rel}","templated":true}]}}